8 - 29. Calculate the remainder when 34 is divided by m.
7
Let h(c) = -c**2 - 7*c + 4. Let z(d) = -d - 76. Let v be z(0). Let q = -45 - v. What is the remainder when q is divided by h(-4)?
15
Let l(b) = 9*b**2 - 5*b - 9. What is the remainder when 146 is divided by l(-2)?
35
Suppose -5*v + v + 68 = 3*u, -70 = -4*u + 5*v. Let s = 35 - u. What is the remainder when 43 is divided by s?
13
Let q = 29 + -24. What is the remainder when 18 is divided by q?
3
Suppose 4*d = 2*d + 12. Suppose h + 88 = 5*h. Calculate the remainder when h is divided by d.
4
Calculate the remainder when 306/15 + (-4)/10 is divided by 3 - 12/(9/(-3)).
6
Let z = 20 - 5. Calculate the remainder when z is divided by 8.
7
Let q(z) be the third derivative of 0*z - 3*z**2 - 1/6*z**3 + 0 + 1/30*z**5 + 1/12*z**4. Calculate the remainder when 21 is divided by q(-3).
10
Let y(z) = z**3 + 9*z**2 - 11*z + 16. What is the remainder when y(-10) is divided by 7?
5
Suppose 0 = -4*n - s - 0*s + 72, 2*s = -2*n + 42. Let y = -14 - -23. What is the remainder when n is divided by y?
8
Let z = 34 - 9. Calculate the remainder when (-3 - (3 + 140))/(-2) is divided by z.
23
Let m be 2 - 0 - (-1 - -5). Let t(q) = -2*q**3 - q**2 + 2*q + 2. Let n(b) = 3*b**2 + 76*b - 34. Calculate the remainder when n(-26) is divided by t(m).
8
Suppose 2*g - 5*w = 16, 3*g + 5*w + 0*w = 74. Calculate the remainder when 87 is divided by g.
15
What is the remainder when 37 is divided by (1/2)/((-4)/(-152))?
18
Let r = -27 + 112. What is the remainder when r is divided by 22?
19
Let b be (60/(-36))/((-1)/3). Suppose -4*k + a = -393, b*a + 398 = 4*k - 15. What is the remainder when k is divided by 25?
22
Let n be 3*2*(-50)/12. Let k = n - -50. Calculate the remainder when 48 is divided by k.
23
Let c(b) be the third derivative of b**5/30 + b**4/24 - b**3/2 - 3*b**2. Calculate the remainder when 23 is divided by c(-3).
11
Suppose -5*p + 2*z = -80, 0 = -2*p - z + 31 + 1. Suppose -4*u - 1 = -117. Calculate the remainder when u is divided by p.
13
Suppose 4*g - g + 2*k = 74, 4*k - 126 = -5*g. What is the remainder when 42 is divided by g?
20
What is the remainder when (1 - 0)/(1/2) is divided by -3 - (-1 - (4 - 2)) - -2?
0
Let j = -5 + 9. Suppose 5*q - j*q - 19 = 0. Calculate the remainder when 36 is divided by q.
17
Suppose -o + 12 = o. Suppose 2*i + 8 = 3*z - o, 5*i - 11 = -4*z. Suppose -3*x + 2*x = -z. What is the remainder when 7 is divided by x?
3
Let m(t) = -t**2 - 4*t + 2. Let x be m(-3). Suppose 0 = -3*c, -x*y + 55 = -2*c + c. Calculate the remainder when y is divided by 7.
4
Let i = 21 - 8. Suppose p - i = -1. What is the remainder when p is divided by -6 + (2 + 1)/3*13?
5
Let d(u) = -u**2 + 4*u**2 + 0*u**2 - 2*u - 2. Suppose v = -w - w + 34, 0 = 3*v + 3*w - 90. Calculate the remainder when v is divided by d(-2).
12
Suppose -10*r + 946 - 76 = 0. Calculate the remainder when r is divided by 18.
15
Let s(f) be the second derivative of f**3/6 + 4*f**2 + 25*f. Suppose -2*k + 16 = 2. What is the remainder when 44 is divided by s(k)?
14
Let d = 11 + -17. Let u(j) = j**2 + 7*j + 8. What is the remainder when 4 is divided by u(d)?
0
Suppose -t - 2*g = -30, -t + 21 + 21 = -2*g. Calculate the remainder when 71 is divided by t.
35
Let l(z) = 6*z + 5. Calculate the remainder when l(4) is divided by 10.
9
Let a(l) = -l**2 - 9*l - 2. What is the remainder when a(-4) is divided by 4?
2
Let l(q) = -4 + 0 + 2*q**2 - q + 3. Let x = 8 - -18. Calculate the remainder when x is divided by l(-2).
8
What is the remainder when -2*(0 - 123/6) is divided by 11?
8
Let p be (44/12)/(1/(-3)). Let a = p - -16. What is the remainder when 8 is divided by a?
3
Suppose -3*v + 55 = 178. Let s = v + 57. Let d = -52 - -58. Calculate the remainder when s is divided by d.
4
Let m(i) = -i + 20. What is the remainder when 28 is divided by m(12)?
4
Let w(x) = 7*x**2 - x - 1. Suppose -n + 4 = 0, 4*q = -n - 7 + 3. Calculate the remainder when w(q) is divided by 10.
9
Let h be (-14)/4 + (-1)/(-2). Let u be ((-2)/(-4))/(h/12). Let l = 11 - u. What is the remainder when 25 is divided by l?
12
Suppose -2*j + 5*n - 9 = j, 4*j - 3*n = -1. Let d = 20 + -18. Suppose 2*f = j*g + d, 4*f + 4*g = 8 + 4. What is the remainder when 7 is divided by f?
1
Suppose 0 = -20*o + 26*o - 78. What is the remainder when 46 is divided by o?
7
Suppose -2 = v, 0*r + v = 4*r - 186. Let i = 44 + -32. What is the remainder when r is divided by i?
10
Let f = -45 + 82. Let h = f - -4. What is the remainder when h is divided by 22?
19
Let y = -24 + 53. Suppose 6*s - 3*s = 24. What is the remainder when y is divided by s?
5
Suppose -50 = -5*a - 5*r + 5, -3*r - 79 = -4*a. Let b(z) = 8*z - z**3 - 7*z**2 - 6 - z**3 + 3*z**3. Calculate the remainder when a is divided by b(6).
4
Let c = -169 - -271. What is the remainder when c is divided by 15?
12
Suppose d = -0*d. Suppose -3*q + 29 = 2*v - 7, 4*q - v - 48 = d. What is the remainder when 2/(2 - (-66)/(-34)) is divided by q?
10
Let c(f) = -f + 17. Suppose 0 = 2*q - 6 - 12. Calculate the remainder when 15 is divided by c(q).
7
Let l = -117 - -144. What is the remainder when l is divided by 7?
6
Suppose 40 = -2*b - 3*b. Let h be 2/(-8) + (-338)/b. Suppose -5*w - h = -8*w. Calculate the remainder when 55 is divided by w.
13
Suppose 22 = 2*a - a. Suppose -5*t = -5*l - 0*t + 100, -3*t - a = -l. Calculate the remainder when 35 is divided by l.
16
Suppose 4*q + 25 = -147. What is the remainder when (-1)/(87/q + 2) is divided by 11?
10
What is the remainder when (6 - 4)*18 + -1 is divided by 19?
16
Let r = -96 - -139. What is the remainder when r is divided by 9?
7
Let f(u) = 55*u**3 + u - 1. Let g be f(1). Suppose t - 3*o = 19, 0*t + 5*t - g = -5*o. What is the remainder when (6/(-9))/((-4)/138) is divided by t?
10
Suppose -b - 3 = 0, j + 4*b = -0*j - 12. Suppose 26 = x - v - j*v, 5*x - v = 122. Calculate the remainder when x is divided by 9.
6
Let p be 2/13 + (-15)/13. Calculate the remainder when 8 is divided by (3 - 2) + p + 5.
3
What is the remainder when 4 is divided by ((-6)/(-9))/((-4)/(-12))?
0
Calculate the remainder when 22 is divided by ((-216)/(-6))/6 - (-3 - -2).
1
Suppose 3*m - 6*m + 333 = 0. Suppose -3*c = -12, -z + 4*c - 10 = 2*z. Suppose z*r + r = m. Calculate the remainder when r is divided by 13.
11
Let u = 190 - 131. Calculate the remainder when u is divided by 30.
29
Suppose 302 + 154 = 12*q. What is the remainder when q is divided by 8?
6
Suppose f + 4 + 16 = -q, 24 = -q + f. Calculate the remainder when 13 is divided by q/(-3) - 1/3.
6
Let r(u) = u**2 - 5*u - 2. Let n be r(6). Suppose -j = b + 3*b - 64, 3*b - 67 = n*j. Calculate the remainder when b is divided by 9.
8
Suppose 3*u - 3*g - 9 = 0, 2*u + 5*g = 8 + 12. Suppose -7*w + 5*w - 12 = 0. Let a = w - -9. What is the remainder when u is divided by a?
2
Let o = -19 - -73. What is the remainder when o is divided by 14?
12
Let b(n) = -n**2 - 7*n - 6. Let a be b(-5). Suppose -a*r = -5*r + 6. Calculate the remainder when 16 is divided by r.
4
Let n(y) = -y**3 + 6*y**2 + 6*y + 7. Let b be n(7). Suppose b = -v - v + 14. Suppose 1 = -t + 13. Calculate the remainder when t is divided by v.
5
Suppose 3*a - 25 + 1 = 0. What is the remainder when 31 is divided by a?
7
Suppose 2*m - 1 = 19. Calculate the remainder when m is divided by 7.
3
Suppose w = 2*w - 124. Calculate the remainder when w is divided by 25.
24
Let v(r) = 11*r**2 + 2*r + 1. Let i be v(-1). Let w = 15 - i. Let k(z) = z**3 - 5*z**2 + 6. What is the remainder when 16 is divided by k(w)?
4
Let s(k) = 2*k**3 + 2*k**2 + 2*k - 2. Suppose 0 = -2*j + 220 - 66. Calculate the remainder when j is divided by s(2).
25
Suppose 2*x = 6 + 4. Suppose 111 - 27 = 6*g. What is the remainder when g is divided by x?
4
Let j be (-1252)/20 - (-3)/5. Calculate the remainder when 17 is divided by j/(-7) - 7/(-49).
8
Suppose -3*l + l + z = -69, -135 = -4*l + 3*z. Calculate the remainder when l is divided by 13.
10
What is the remainder when 10 is divided by ((-252)/105)/(4/(-10))?
4
Suppose -2*y + 25 = 4*n + 3*y, -24 = -5*n + y. Let k = -2 - -5. Calculate the remainder when n is divided by k.
2
Suppose -11 = 2*a - 3*a. Let v = 1 + -4. What is the remainder when 80/(-12)*(v - 0) is divided by a?
9
Suppose j - 2*a - 22 = 0, 2*j - 62 = -3*a - 2*a. Calc